{"id":1814,"date":"2022-02-21T14:00:32","date_gmt":"2022-02-21T14:00:32","guid":{"rendered":"https:\/\/www.grupo21.es\/?page_id=1814"},"modified":"2022-02-21T16:46:35","modified_gmt":"2022-02-21T16:46:35","slug":"proyecto-financiado-con-la-subvencion-del-pan-resistir-plus","status":"publish","type":"page","link":"https:\/\/www.grupo21.es\/es\/proyecto-financiado-con-la-subvencion-del-pan-resistir-plus\/","title":{"rendered":"Proyecto financiado con la subvenci\u00f3n del PLAN RESISTIR PLUS"},"content":{"rendered":"\n<blockquote class=\"wp-block-quote is-layout-flow wp-block-quote-is-layout-flow\"><p>Proyecto financiado con la subvenci\u00f3n del PLAN RESISTIR PLUS<\/p><\/blockquote>\n\n\n\n<p class=\"wp-block-paragraph\">Empresa beneficiada: Precintados Alicante 21, SL<\/p>\n\n\n\n<p class=\"wp-block-paragraph\">Entidad P\u00fablica Concedente: Comunitat Valenciana- Secretaria Auton\u00f3mica De Modelo Econ\u00f3mico Y Financiaci\u00f3n<\/p>\n\n\n\n<p class=\"wp-block-paragraph\">Expediente: HISOLV\/2021\/11544\/03<\/p>\n\n\n\n<p class=\"wp-block-paragraph\">Programa: Plan Resistir Plus Subvenciones Extraordinarias Para El Apoyo A La Solvencia Empresarial, En La Comunitat Valenciana, En Respuesta A La Pandemia De La Covid-19<\/p>\n\n\n\n<p class=\"wp-block-paragraph\">Deuda Pendiente De Acreedores Y Proveedores (Iva Excluido): 1.177,90.-\u20ac<br>Nominal Deuda Financiera Con Aval P\u00fablico: 129.218,80.-\u20ac<\/p>\n\n\n\n<p class=\"wp-block-paragraph\">Importe Concedido: 130.396,70 euros.<\/p>\n\n\n\n<figure class=\"wp-block-image size-large is-resized\"><img loading=\"lazy\" decoding=\"async\" src=\"https:\/\/www.grupo21.es\/wp-content\/uploads\/2022\/02\/Logo-Modec-72-1024x296.png\" alt=\"\" class=\"wp-image-1810\" width=\"500\" height=\"144\" srcset=\"https:\/\/www.grupo21.es\/wp-content\/uploads\/2022\/02\/Logo-Modec-72-1024x296.png 1024w, https:\/\/www.grupo21.es\/wp-content\/uploads\/2022\/02\/Logo-Modec-72-300x87.png 300w, https:\/\/www.grupo21.es\/wp-content\/uploads\/2022\/02\/Logo-Modec-72-768x222.png 768w, https:\/\/www.grupo21.es\/wp-content\/uploads\/2022\/02\/Logo-Modec-72-18x5.png 18w, https:\/\/www.grupo21.es\/wp-content\/uploads\/2022\/02\/Logo-Modec-72-260x75.png 260w, https:\/\/www.grupo21.es\/wp-content\/uploads\/2022\/02\/Logo-Modec-72-50x14.png 50w, https:\/\/www.grupo21.es\/wp-content\/uploads\/2022\/02\/Logo-Modec-72-150x43.png 150w, https:\/\/www.grupo21.es\/wp-content\/uploads\/2022\/02\/Logo-Modec-72.png 1441w\" sizes=\"auto, (max-width: 500px) 100vw, 500px\" \/><\/figure>\n","protected":false},"excerpt":{"rendered":"<p>Proyecto financiado con la subvenci\u00f3n del PLAN RESISTIR PLUS Empresa beneficiada: Precintados Alicante 21, SL Entidad P\u00fablica Concedente: Comunitat Valenciana- Secretaria Auton\u00f3mica De Modelo Econ\u00f3mico Y<span class=\"excerpt-hellip\"> [\u2026]<\/span><\/p>\n","protected":false},"author":1,"featured_media":0,"parent":0,"menu_order":0,"comment_status":"closed","ping_status":"closed","template":"","meta":{"footnotes":""},"class_list":["post-1814","page","type-page","status-publish","hentry"],"_links":{"self":[{"href":"https:\/\/www.grupo21.es\/es\/wp-json\/wp\/v2\/pages\/1814","targetHints":{"allow":["GET"]}}],"collection":[{"href":"https:\/\/www.grupo21.es\/es\/wp-json\/wp\/v2\/pages"}],"about":[{"href":"https:\/\/www.grupo21.es\/es\/wp-json\/wp\/v2\/types\/page"}],"author":[{"embeddable":true,"href":"https:\/\/www.grupo21.es\/es\/wp-json\/wp\/v2\/users\/1"}],"replies":[{"embeddable":true,"href":"https:\/\/www.grupo21.es\/es\/wp-json\/wp\/v2\/comments?post=1814"}],"version-history":[{"count":4,"href":"https:\/\/www.grupo21.es\/es\/wp-json\/wp\/v2\/pages\/1814\/revisions"}],"predecessor-version":[{"id":1818,"href":"https:\/\/www.grupo21.es\/es\/wp-json\/wp\/v2\/pages\/1814\/revisions\/1818"}],"wp:attachment":[{"href":"https:\/\/www.grupo21.es\/es\/wp-json\/wp\/v2\/media?parent=1814"}],"curies":[{"name":"wp","href":"https:\/\/api.w.org\/{rel}","templated":true}]}}

Proyecto financiado con la subvención del PLAN RESISTIR PLUS

<blockquote class="wp-block-quote is-layout-flow wp-block-quote-is-layout-flow"><p>Proyecto financiado con la subvención del PLAN RESISTIR PLUS</p></blockquote>



<p class="wp-block-paragraph">Empresa beneficiada: Precintados Alicante 21, SL</p>



<p class="wp-block-paragraph">Entidad Pública Concedente: Comunitat Valenciana- Secretaria Autonómica De Modelo Económico Y Financiación</p>



<p class="wp-block-paragraph">Expediente: HISOLV/2021/11544/03</p>



<p class="wp-block-paragraph">Programa: Plan Resistir Plus Subvenciones Extraordinarias Para El Apoyo A La Solvencia Empresarial, En La Comunitat Valenciana, En Respuesta A La Pandemia De La Covid-19</p>



<p class="wp-block-paragraph">Deuda Pendiente De Acreedores Y Proveedores (Iva Excluido): 1.177,90.-€<br>Nominal Deuda Financiera Con Aval Público: 129.218,80.-€</p>



<p class="wp-block-paragraph">Importe Concedido: 130.396,70 euros.</p>



<figure class="wp-block-image size-large is-resized"><img loading="lazy" decoding="async" src="https://www.grupo21.es/wp-content/uploads/2022/02/Logo-Modec-72-1024x296.png" alt="" class="wp-image-1810" width="500" height="144" srcset="https://www.grupo21.es/wp-content/uploads/2022/02/Logo-Modec-72-1024x296.png 1024w, https://www.grupo21.es/wp-content/uploads/2022/02/Logo-Modec-72-300x87.png 300w, https://www.grupo21.es/wp-content/uploads/2022/02/Logo-Modec-72-768x222.png 768w, https://www.grupo21.es/wp-content/uploads/2022/02/Logo-Modec-72-18x5.png 18w, https://www.grupo21.es/wp-content/uploads/2022/02/Logo-Modec-72-260x75.png 260w, https://www.grupo21.es/wp-content/uploads/2022/02/Logo-Modec-72-50x14.png 50w, https://www.grupo21.es/wp-content/uploads/2022/02/Logo-Modec-72-150x43.png 150w, https://www.grupo21.es/wp-content/uploads/2022/02/Logo-Modec-72.png 1441w" sizes="auto, (max-width: 500px) 100vw, 500px" /></figure>

<p>Proyecto financiado con la subvención del PLAN RESISTIR PLUS Empresa beneficiada: Precintados Alicante 21, SL Entidad Pública Concedente: Comunitat Valenciana- Secretaria Autonómica De Modelo Económico Y<span class="excerpt-hellip"> […]</span></p>
